mber?
False
Is 1049 prime?
True
Is 772297 a composite number?
False
Is 613 composite?
False
Is 11539 prime?
False
Is 4201 a prime number?
True
Is 34631 prime?
True
Is 51257 prime?
True
Is 21139 a composite number?
False
Is 157081 composite?
False
Is 55967 a prime number?
True
Is 4258642 prime?
False
Is 25397 composite?
True
Is 49597 a prime number?
True
Is 17377 composite?
False
Is 19813 prime?
True
Is 55 a composite number?
True
Is 127 a composite number?
False
Is 16557 a composite number?
True
Is 24709 a composite number?
False
Is 36131 a composite number?
False
Is 5027 composite?
True
Is 11281 a composite number?
True
Is 21958 a prime number?
False
Is 21619 a prime number?
False
Is 4618 prime?
False
Is 176153 a prime number?
True
Is 29333 a composite number?
False
Is 172331 a composite number?
False
Is 425879 composite?
False
Is 99839 composite?
False
Is 200227 a composite number?
False
Is 39381 composite?
True
Is 82573 prime?
False
Is 39089 composite?
False
Is 859 a prime number?
True
Is 201619 composite?
True
Is 46967 a prime number?
False
Is 31177 a composite number?
False
Is 19531 prime?
True
Is 86503 prime?
False
Is 485 a prime number?
False
Is 1397 a composite number?
True
Is 2 a composite number?
False
Is 23117 composite?
False
Is 6857 a composite number?
False
Is 28414 a prime number?
False
Is 83 prime?
True
Is 6761 prime?
True
Is 1852193 prime?
False
Is 215381 composite?
False
Is 3977243 prime?
True
Is 723529 prime?
True
Is 233537 a prime number?
False
Is 5129 a prime number?
False
Is 1268885 prime?
False
Is 1037867 a prime number?
False
Is 191227 composite?
False
Is 387155 composite?
True
Is 56839 a composite number?
True
Is 546367 a composite number?
False
Is 467417 composite?
False
Is 73559 a composite number?
True
Is 21205 composite?
True
Is 15133 a composite number?
True
Is 11647 a composite number?
True
Is 52759 composite?
True
Is 217619 a prime number?
True
Is 140381 a prime number?
True
Is 230829 prime?
False
Is 21433 a composite number?
False
Is 156683 prime?
True
Is 464693 composite?
True
Is 1637 composite?
False
Is 445 a composite number?
True
Is 17707 a composite number?
False
Is 254801 a composite number?
True
Is 201061 composite?
True
Is 273991 a prime number?
False
Is 45481 prime?
True
Is 135977 a prime number?
True
Is 303119 a composite number?
False
Is 5303 a composite number?
False
Is 41999 a prime number?
True
Is 2309 a prime number?
True
Is 2578 a composite number?
True
Is 127497 prime?
False
Is 3053 a composite number?
True
Is 3413 a prime number?
True
Is 30431 a composite number?
False
Is 27505 a composite number?
True
Is 30967 prime?
False
Is 660403 a prime number?
True
Is 642869 a composite number?
False
Is 4219 prime?
True
Is 6803 composite?
False
Is 23757 a prime number?
False
Is 2657 a composite number?
False
Is 1189 composite?
True
Is 956239 a prime number?
False
Is 91893 composite?
True
Is 3109 composite?
False
Is 2675347 prime?
True
Is 124913 a prime number?
False
Is 1943 composite?
True
Is 3299 prime?
True
Is 212897 a composite number?
False
Is 2610085 a composite number?
True
Is 1815211 a prime number?
False
Is 919757 a prime number?
True
Is 13061 a composite number?
True
Is 39293 a composite number?
False
Is 10813 a prime number?
False
Is 343717 a prime number?
False
Is 6374 a prime number?
False
Is 932453 prime?
False
Is 4583 a prime number?
True
Is 266309 a prime number?
False
Is 13121 prime?
True
Is 466153 prime?
True
Is 927071 composite?
True
Is 22003 a prime number?
True
Is 240797 composite?
False
Is 8009 prime?
True
Is 61651 composite?
False
Is 17717 prime?
False
Is 23093 a prime number?
False
Is 689 prime?
False
Is 2833 a prime number?
True
Is 45377 a composite number?
False
Is 486811 a prime number?
False
Is 27127 a prime number?
True
Is 22367 a prime number?
True
Is 2831 composite?
True
Is 22583 composite?
True
Is 30619 a composite number?
True
Is 3645865 a prime number?
False
Is 18593 a composite number?
False
Is 18959 composite?
False
Is 9923 composite?
False
Is 1692793 a composite number?
True
Is 10427 a composite number?
False
Is 3407 a prime number?
True
Is 14243 prime?
True
Is 4063 prime?
False
Is 16660847 prime?
False
Is 3677101 composite?
False
Is 127913 composite?
False
Is 8633 a prime number?
False
Is 11917 a prime number?
False
Is 5039 a prime number?
True
Is 139483 prime?
True
Is 797267 composite?
True
Is 31769 a prime number?
True
Is 78902 composite?
True
Is 1840283 a composite number?
True
Is 53299 prime?
True
Is 13553 composite?
False
Is 103387 a composite number?
False
Is 13571 a composite number?
True
Is 3659 a composite number?
False
Is 953827 composite?
True
Is 2098 composite?
True
Is 3433 composite?
False
Is 54247 prime?
False
Is 23773 a composite number?
False
Is 6557 a prime number?
False
Is 26153 prime?
True
Is 241541 composite?
True
Is 28429 a composite number?
False
Is 51787 a composite number?
False
Is 191 a prime number?
True
Is 74533 a composite number?
True
Is 6465409 prime?
True
Is 11743 prime?
True
Is 85543 prime?
False
Is 109451 a prime number?
True
Is 196961 a composite number?
False
Is 1927 composite?
True
Is 220243 a composite number?
False
Is 1641 a prime number?
False
Is 13291 prime?
True
Is 783197 composite?
False
Is 14 a composite number?
True
Is 2710241 composite?
False
Is 1257413 a composite number?
True
Is 39293 a prime number?
True
Is 23953 a prime number?
False
Is 493 composite?
True
Is 2599 a composite number?
True
Is 282281 a composite number?
False
Is 4211 a composite number?
False
Is 633923 a composite number?
False
Is 409 a prime number?
True
Is 390263 a prime number?
True
Is 15205 composite?
True
Is 473738 composite?
True
Is 1387735 a composite number?
True
Is 25523 a composite number?
False
Is 17321 a prime number?
True
Is 2371 composite?
False
Is 95899 composite?
True
Is 491459 a composite number?
True
Is 451301 prime?
True
Is 78101 prime?
True
Is 5242 a prime number?
False
Is 824861 composite?
False
Is 17611 a prime number?
False
Is 70717 prime?
True
Is 7061 composite?
True
Is 613 prime?
True
Is 3221 composite?
False
Is 541217 prime?
True
Is 21433 a composite number?
False
Is 6658 composite?
True
Is 60373 a composite number?
False
Is 721199 prime?
True
Is 1337 a composite number?
True
Is 102701 composite?
False
Is 26363 prime?
False
Is 8419 a composite number?
False
Is 66791 prime?
True
Is 81839 a prime number?
True
Is 13771 prime?
False
Is 74441 composite?
False
Is 1367 prime?
True
Is 1555729 a composite number?
True
Is 39205 prime?
False
Is 2017 composite?
False
Is 30551 prime?
False
Is 1070621 a composite number?
False
Is 39209 prime?
True
Is 13019 a composite number?
True
Is 1804991 prime?
True
Is 16123 prime?
False
Is 307634 prime?
False
Is 348901 a prime number?
False
Is 6999 composite?
True
Is 514207 a prime number?
False
Is 158965 a composite number?
True
Is 156209 composite?
True
Is 838 prime?
False
Is 145949 a prime number?
True
Is 8465 composite?
True
Is 48695 prime?
False
Is 5503263 composite?
True
Is 23957 composite?
False
Is 60721 composite?
True
Is 4383311 prime?
True
Is 81574 composite?
True
Is 577513 a prime number?
True
Is 14107 a prime number?
True
Is 630163 a composite number?
False
Is 304574 a composite number?
True
Is 63817 a prime number?
False
Is 612709 prime?
False
Is 91543 composite?
True
Is 321509 composite?
False
Is 590507 a prime number?
False
Is 16495 prime?
False
Is 588463 composite?
False
Is 3849751 composite?
True
Is 1032541 a prime number?
True
Is 298993 a composite number?
False
Is 57619 prime?
False
Is 198233 a composite number?
True
Is 22097 prime?
False
Is 91997 a prime number?
True
Is 1969273 prime?
True
Is 1094615 a composite number?
True
Is 13901 a composite number?
False
Is 2411 composite?
False
Is 63241 composite?
False
Is 4553903 a prime number?
True
Is 230651 a composite number?
True
Is 15187 composite?
False
Is 635 a composite number?
True
Is 1195387 composite?
False
Is 4493 a prime number?
True
Is 11851 a composite number?
True
Is 42281 a composite number?
False
Is 273443 a prime number?
False
Is 109469 prime?
True
Is 181961 a composite number?
True
Is 1637 a prime number?
True
Is 22681 a composite number?
True
Is 47899 composite?
True
Is 14939 a composite number?
False
Is 87595 a prime 